{"id":271,"date":"2021-06-01T15:49:49","date_gmt":"2021-06-01T13:49:49","guid":{"rendered":"https:\/\/eleanaferrari.com\/?post_type=procedure&#038;p=271"},"modified":"2022-03-23T19:55:14","modified_gmt":"2022-03-23T18:55:14","slug":"seno-e-decollete","status":"publish","type":"procedure","link":"https:\/\/eleanaferrari.com\/en\/procedure\/seno-e-decollete\/","title":{"rendered":"Seno e Decollet\u00e8"},"content":{"rendered":"<p>Che sia giusto o modesto, nel seno di una donna si nasconde tutta la sua femminilit\u00e0. Forse perch\u00e9, fin da adolescente, ne segue l\u2019evoluzione e segna nel seno sviluppato, il suo esser donna.<\/p>\n<p>\u00c8 proprio per questo che un <strong>seno poco sviluppato o cadente pu\u00f2 essere fonte di disagio<\/strong> e bassa autostima. L\u2019insoddisfazione del proprio d\u00e9collet\u00e9 abbraccia pi\u00f9 fasce d\u2019et\u00e0. Si parla infatti di donne cinquantenni che con l\u2019avanzare degli anni hanno subito un rilassamento cutaneo che altro non \u00e8 che un processo naturale fisiologico, o donne pi\u00f9 giovani che dopo maternit\u00e0 e allattamento, vedono il proprio seno \u201csvuotato\u201d, senza tono e non si sentono pi\u00f9 desiderabili.<\/p>\n<p>Ma negli ultimi anni anche le giovanissime nel rincorrere ideali di bellezza ricorrono a interventi di chirurgia plastica, una scelta drastica che non tiene conto di soluzioni meno invasive.<\/p>\n<p><span style=\"font-weight: 400;\">Spesso si crede che la pelle del viso sia quella pi\u00f9 esposta al rischio invecchiamento, ma non \u00e8 cos\u00ec. Anche quella del seno e d\u00e9collet\u00e9, spesso trascurata, lo \u00e8.\u00a0 La pelle di seno e d\u00e9collet\u00e9 \u00e8 delicata e sottile ed inizia a mostrare i primi segni di invecchiamento a partire dai 30 anni. L\u2019invecchiamento cutaneo inizia sui 20\/25 anni di et\u00e0, quando inizia a diminuire la produzione di collagene ed elastina, proteine fondamentali per il sostegno della cute, favorendo una pelle pi\u00f9 elastica, idratata e turgida.<\/span><\/p>","protected":false},"excerpt":{"rendered":"<p>La somministrazione di acido ialuronico ad alta densit\u00e0 mediante filler pu\u00f2 ridonare alla vista e al tatto l\u2019aspetto naturale al tuo seno e decollet\u00e8. Attraverso i filler di acido ialuronico ad alta densit\u00e0 sar\u00e0 possibile infatti ridonare un aspetto pi\u00f9 compatto e idratato alla zona.<\/p>","protected":false},"featured_media":730,"template":"","zona_prcedura":[7,50],"class_list":["post-271","procedure","type-procedure","status-publish","has-post-thumbnail","hentry","zona_prcedura-body","zona_prcedura-tutti"],"yoast_head":"<!-- This site is optimized with the Yoast SEO plugin v23.6 - https:\/\/yoast.com\/wordpress\/plugins\/seo\/ -->\n<title>Seno e Decollet\u00e8 - Eleana Ferrari<\/title>\n<meta name=\"description\" content=\"Tutta la femminilit\u00e0 di una donna si nasconde nel suo seno. Vuoi saperne di pi\u00f9? Leggi questo articolo e scopri di pi\u00f9 a riguardo.\" \/>\n<meta name=\"robots\" content=\"index, follow, max-snippet:-1, max-image-preview:large, max-video-preview:-1\" \/>\n<link rel=\"canonical\" href=\"https:\/\/eleanaferrari.com\/en\/procedure\/seno-e-decollete\/\" \/>\n<meta property=\"og:locale\" content=\"en_GB\" \/>\n<meta property=\"og:type\" content=\"article\" \/>\n<meta property=\"og:title\" content=\"Seno e Decollet\u00e8 - Eleana Ferrari\" \/>\n<meta property=\"og:description\" content=\"Tutta la femminilit\u00e0 di una donna si nasconde nel suo seno. Vuoi saperne di pi\u00f9? Leggi questo articolo e scopri di pi\u00f9 a riguardo.\" \/>\n<meta property=\"og:url\" content=\"https:\/\/eleanaferrari.com\/en\/procedure\/seno-e-decollete\/\" \/>\n<meta property=\"og:site_name\" content=\"Eleana Ferrari\" \/>\n<meta property=\"article:modified_time\" content=\"2022-03-23T18:55:14+00:00\" \/>\n<meta property=\"og:image\" content=\"https:\/\/eleanaferrari.com\/wp-content\/uploads\/2021\/06\/senoedecolette.jpg\" \/>\n\t<meta property=\"og:image:width\" content=\"1594\" \/>\n\t<meta property=\"og:image:height\" content=\"930\" \/>\n\t<meta property=\"og:image:type\" content=\"image\/jpeg\" \/>\n<meta name=\"twitter:card\" content=\"summary_large_image\" \/>\n<meta name=\"twitter:label1\" content=\"Estimated reading time\" \/>\n\t<meta name=\"twitter:data1\" content=\"2 minutes\" \/>\n<script type=\"application\/ld+json\" class=\"yoast-schema-graph\">{\"@context\":\"https:\/\/schema.org\",\"@graph\":[{\"@type\":\"WebPage\",\"@id\":\"https:\/\/eleanaferrari.com\/en\/procedure\/seno-e-decollete\/\",\"url\":\"https:\/\/eleanaferrari.com\/en\/procedure\/seno-e-decollete\/\",\"name\":\"Seno e Decollet\u00e8 - Eleana Ferrari\",\"isPartOf\":{\"@id\":\"https:\/\/eleanaferrari.com\/en\/#website\"},\"primaryImageOfPage\":{\"@id\":\"https:\/\/eleanaferrari.com\/en\/procedure\/seno-e-decollete\/#primaryimage\"},\"image\":{\"@id\":\"https:\/\/eleanaferrari.com\/en\/procedure\/seno-e-decollete\/#primaryimage\"},\"thumbnailUrl\":\"https:\/\/eleanaferrari.com\/wp-content\/uploads\/2021\/06\/senoedecolette.jpg\",\"datePublished\":\"2021-06-01T13:49:49+00:00\",\"dateModified\":\"2022-03-23T18:55:14+00:00\",\"description\":\"Tutta la femminilit\u00e0 di una donna si nasconde nel suo seno. Vuoi saperne di pi\u00f9? Leggi questo articolo e scopri di pi\u00f9 a riguardo.\",\"breadcrumb\":{\"@id\":\"https:\/\/eleanaferrari.com\/en\/procedure\/seno-e-decollete\/#breadcrumb\"},\"inLanguage\":\"en-GB\",\"potentialAction\":[{\"@type\":\"ReadAction\",\"target\":[\"https:\/\/eleanaferrari.com\/en\/procedure\/seno-e-decollete\/\"]}]},{\"@type\":\"ImageObject\",\"inLanguage\":\"en-GB\",\"@id\":\"https:\/\/eleanaferrari.com\/en\/procedure\/seno-e-decollete\/#primaryimage\",\"url\":\"https:\/\/eleanaferrari.com\/wp-content\/uploads\/2021\/06\/senoedecolette.jpg\",\"contentUrl\":\"https:\/\/eleanaferrari.com\/wp-content\/uploads\/2021\/06\/senoedecolette.jpg\",\"width\":1594,\"height\":930,\"caption\":\"Breasts - seno e decollet\u00e8\"},{\"@type\":\"BreadcrumbList\",\"@id\":\"https:\/\/eleanaferrari.com\/en\/procedure\/seno-e-decollete\/#breadcrumb\",\"itemListElement\":[{\"@type\":\"ListItem\",\"position\":1,\"name\":\"Home\",\"item\":\"https:\/\/eleanaferrari.com\/en\/home-eng\/\"},{\"@type\":\"ListItem\",\"position\":2,\"name\":\"Seno e Decollet\u00e8\"}]},{\"@type\":\"WebSite\",\"@id\":\"https:\/\/eleanaferrari.com\/en\/#website\",\"url\":\"https:\/\/eleanaferrari.com\/en\/\",\"name\":\"Eleana Ferrari\",\"description\":\"\",\"publisher\":{\"@id\":\"https:\/\/eleanaferrari.com\/en\/#organization\"},\"potentialAction\":[{\"@type\":\"SearchAction\",\"target\":{\"@type\":\"EntryPoint\",\"urlTemplate\":\"https:\/\/eleanaferrari.com\/en\/?s={search_term_string}\"},\"query-input\":{\"@type\":\"PropertyValueSpecification\",\"valueRequired\":true,\"valueName\":\"search_term_string\"}}],\"inLanguage\":\"en-GB\"},{\"@type\":\"Organization\",\"@id\":\"https:\/\/eleanaferrari.com\/en\/#organization\",\"name\":\"Eleana Ferrari\",\"url\":\"https:\/\/eleanaferrari.com\/en\/\",\"logo\":{\"@type\":\"ImageObject\",\"inLanguage\":\"en-GB\",\"@id\":\"https:\/\/eleanaferrari.com\/en\/#\/schema\/logo\/image\/\",\"url\":\"https:\/\/eleanaferrari.com\/wp-content\/uploads\/2021\/05\/logo-mobile-verticale.png\",\"contentUrl\":\"https:\/\/eleanaferrari.com\/wp-content\/uploads\/2021\/05\/logo-mobile-verticale.png\",\"width\":212,\"height\":81,\"caption\":\"Eleana Ferrari\"},\"image\":{\"@id\":\"https:\/\/eleanaferrari.com\/en\/#\/schema\/logo\/image\/\"}}]}<\/script>\n<!-- \/ Yoast SEO plugin. -->","yoast_head_json":{"title":"Seno e Decollet\u00e8 - Eleana Ferrari","description":"Tutta la femminilit\u00e0 di una donna si nasconde nel suo seno. Vuoi saperne di pi\u00f9? Leggi questo articolo e scopri di pi\u00f9 a riguardo.","robots":{"index":"index","follow":"follow","max-snippet":"max-snippet:-1","max-image-preview":"max-image-preview:large","max-video-preview":"max-video-preview:-1"},"canonical":"https:\/\/eleanaferrari.com\/en\/procedure\/seno-e-decollete\/","og_locale":"en_GB","og_type":"article","og_title":"Seno e Decollet\u00e8 - Eleana Ferrari","og_description":"Tutta la femminilit\u00e0 di una donna si nasconde nel suo seno. Vuoi saperne di pi\u00f9? Leggi questo articolo e scopri di pi\u00f9 a riguardo.","og_url":"https:\/\/eleanaferrari.com\/en\/procedure\/seno-e-decollete\/","og_site_name":"Eleana Ferrari","article_modified_time":"2022-03-23T18:55:14+00:00","og_image":[{"width":1594,"height":930,"url":"https:\/\/eleanaferrari.com\/wp-content\/uploads\/2021\/06\/senoedecolette.jpg","type":"image\/jpeg"}],"twitter_card":"summary_large_image","twitter_misc":{"Estimated reading time":"2 minutes"},"schema":{"@context":"https:\/\/schema.org","@graph":[{"@type":"WebPage","@id":"https:\/\/eleanaferrari.com\/en\/procedure\/seno-e-decollete\/","url":"https:\/\/eleanaferrari.com\/en\/procedure\/seno-e-decollete\/","name":"Seno e Decollet\u00e8 - Eleana Ferrari","isPartOf":{"@id":"https:\/\/eleanaferrari.com\/en\/#website"},"primaryImageOfPage":{"@id":"https:\/\/eleanaferrari.com\/en\/procedure\/seno-e-decollete\/#primaryimage"},"image":{"@id":"https:\/\/eleanaferrari.com\/en\/procedure\/seno-e-decollete\/#primaryimage"},"thumbnailUrl":"https:\/\/eleanaferrari.com\/wp-content\/uploads\/2021\/06\/senoedecolette.jpg","datePublished":"2021-06-01T13:49:49+00:00","dateModified":"2022-03-23T18:55:14+00:00","description":"Tutta la femminilit\u00e0 di una donna si nasconde nel suo seno. Vuoi saperne di pi\u00f9? Leggi questo articolo e scopri di pi\u00f9 a riguardo.","breadcrumb":{"@id":"https:\/\/eleanaferrari.com\/en\/procedure\/seno-e-decollete\/#breadcrumb"},"inLanguage":"en-GB","potentialAction":[{"@type":"ReadAction","target":["https:\/\/eleanaferrari.com\/en\/procedure\/seno-e-decollete\/"]}]},{"@type":"ImageObject","inLanguage":"en-GB","@id":"https:\/\/eleanaferrari.com\/en\/procedure\/seno-e-decollete\/#primaryimage","url":"https:\/\/eleanaferrari.com\/wp-content\/uploads\/2021\/06\/senoedecolette.jpg","contentUrl":"https:\/\/eleanaferrari.com\/wp-content\/uploads\/2021\/06\/senoedecolette.jpg","width":1594,"height":930,"caption":"Breasts - seno e decollet\u00e8"},{"@type":"BreadcrumbList","@id":"https:\/\/eleanaferrari.com\/en\/procedure\/seno-e-decollete\/#breadcrumb","itemListElement":[{"@type":"ListItem","position":1,"name":"Home","item":"https:\/\/eleanaferrari.com\/en\/home-eng\/"},{"@type":"ListItem","position":2,"name":"Seno e Decollet\u00e8"}]},{"@type":"WebSite","@id":"https:\/\/eleanaferrari.com\/en\/#website","url":"https:\/\/eleanaferrari.com\/en\/","name":"Eleana Ferrari","description":"","publisher":{"@id":"https:\/\/eleanaferrari.com\/en\/#organization"},"potentialAction":[{"@type":"SearchAction","target":{"@type":"EntryPoint","urlTemplate":"https:\/\/eleanaferrari.com\/en\/?s={search_term_string}"},"query-input":{"@type":"PropertyValueSpecification","valueRequired":true,"valueName":"search_term_string"}}],"inLanguage":"en-GB"},{"@type":"Organization","@id":"https:\/\/eleanaferrari.com\/en\/#organization","name":"Eleana Ferrari","url":"https:\/\/eleanaferrari.com\/en\/","logo":{"@type":"ImageObject","inLanguage":"en-GB","@id":"https:\/\/eleanaferrari.com\/en\/#\/schema\/logo\/image\/","url":"https:\/\/eleanaferrari.com\/wp-content\/uploads\/2021\/05\/logo-mobile-verticale.png","contentUrl":"https:\/\/eleanaferrari.com\/wp-content\/uploads\/2021\/05\/logo-mobile-verticale.png","width":212,"height":81,"caption":"Eleana Ferrari"},"image":{"@id":"https:\/\/eleanaferrari.com\/en\/#\/schema\/logo\/image\/"}}]}},"_links":{"self":[{"href":"https:\/\/eleanaferrari.com\/en\/wp-json\/wp\/v2\/procedure\/271","targetHints":{"allow":["GET"]}}],"collection":[{"href":"https:\/\/eleanaferrari.com\/en\/wp-json\/wp\/v2\/procedure"}],"about":[{"href":"https:\/\/eleanaferrari.com\/en\/wp-json\/wp\/v2\/types\/procedure"}],"wp:featuredmedia":[{"embeddable":true,"href":"https:\/\/eleanaferrari.com\/en\/wp-json\/wp\/v2\/media\/730"}],"wp:attachment":[{"href":"https:\/\/eleanaferrari.com\/en\/wp-json\/wp\/v2\/media?parent=271"}],"wp:term":[{"taxonomy":"zona_prcedura","embeddable":true,"href":"https:\/\/eleanaferrari.com\/en\/wp-json\/wp\/v2\/zona_prcedura?post=271"}],"curies":[{"name":"wp","href":"https:\/\/api.w.org\/{rel}","templated":true}]}}

Seno e Decolletè

<p>Che sia giusto o modesto, nel seno di una donna si nasconde tutta la sua femminilità. Forse perché, fin da adolescente, ne segue l’evoluzione e segna nel seno sviluppato, il suo esser donna.</p>
<p>È proprio per questo che un <strong>seno poco sviluppato o cadente può essere fonte di disagio</strong> e bassa autostima. L’insoddisfazione del proprio décolleté abbraccia più fasce d’età. Si parla infatti di donne cinquantenni che con l’avanzare degli anni hanno subito un rilassamento cutaneo che altro non è che un processo naturale fisiologico, o donne più giovani che dopo maternità e allattamento, vedono il proprio seno “svuotato”, senza tono e non si sentono più desiderabili.</p>
<p>Ma negli ultimi anni anche le giovanissime nel rincorrere ideali di bellezza ricorrono a interventi di chirurgia plastica, una scelta drastica che non tiene conto di soluzioni meno invasive.</p>
<p><span style="font-weight: 400;">Spesso si crede che la pelle del viso sia quella più esposta al rischio invecchiamento, ma non è così. Anche quella del seno e décolleté, spesso trascurata, lo è.  La pelle di seno e décolleté è delicata e sottile ed inizia a mostrare i primi segni di invecchiamento a partire dai 30 anni. L’invecchiamento cutaneo inizia sui 20/25 anni di età, quando inizia a diminuire la produzione di collagene ed elastina, proteine fondamentali per il sostegno della cute, favorendo una pelle più elastica, idratata e turgida.</span></p>

<p>La somministrazione di acido ialuronico ad alta densità mediante filler può ridonare alla vista e al tatto l’aspetto naturale al tuo seno e decolletè. Attraverso i filler di acido ialuronico ad alta densità sarà possibile infatti ridonare un aspetto più compatto e idratato alla zona.</p>

<!-- This site is optimized with the Yoast SEO plugin v23.6 - https://yoast.com/wordpress/plugins/seo/ -->
<title>Seno e Decolletè - Eleana Ferrari</title>
<meta name="description" content="Tutta la femminilità di una donna si nasconde nel suo seno. Vuoi saperne di più? Leggi questo articolo e scopri di più a riguardo." />
<meta name="robots" content="index, follow, max-snippet:-1, max-image-preview:large, max-video-preview:-1" />
<link rel="canonical" href="https://eleanaferrari.com/en/procedure/seno-e-decollete/" />
<meta property="og:locale" content="en_GB" />
<meta property="og:type" content="article" />
<meta property="og:title" content="Seno e Decolletè - Eleana Ferrari" />
<meta property="og:description" content="Tutta la femminilità di una donna si nasconde nel suo seno. Vuoi saperne di più? Leggi questo articolo e scopri di più a riguardo." />
<meta property="og:url" content="https://eleanaferrari.com/en/procedure/seno-e-decollete/" />
<meta property="og:site_name" content="Eleana Ferrari" />
<meta property="article:modified_time" content="2022-03-23T18:55:14+00:00" />
<meta property="og:image" content="https://eleanaferrari.com/wp-content/uploads/2021/06/senoedecolette.jpg" />
	<meta property="og:image:width" content="1594" />
	<meta property="og:image:height" content="930" />
	<meta property="og:image:type" content="image/jpeg" />
<meta name="twitter:card" content="summary_large_image" />
<meta name="twitter:label1" content="Estimated reading time" />
	<meta name="twitter:data1" content="2 minutes" />
<script type="application/ld+json" class="yoast-schema-graph">{"@context":"https://schema.org","@graph":[{"@type":"WebPage","@id":"https://eleanaferrari.com/en/procedure/seno-e-decollete/","url":"https://eleanaferrari.com/en/procedure/seno-e-decollete/","name":"Seno e Decolletè - Eleana Ferrari","isPartOf":{"@id":"https://eleanaferrari.com/en/#website"},"primaryImageOfPage":{"@id":"https://eleanaferrari.com/en/procedure/seno-e-decollete/#primaryimage"},"image":{"@id":"https://eleanaferrari.com/en/procedure/seno-e-decollete/#primaryimage"},"thumbnailUrl":"https://eleanaferrari.com/wp-content/uploads/2021/06/senoedecolette.jpg","datePublished":"2021-06-01T13:49:49+00:00","dateModified":"2022-03-23T18:55:14+00:00","description":"Tutta la femminilità di una donna si nasconde nel suo seno. Vuoi saperne di più? Leggi questo articolo e scopri di più a riguardo.","breadcrumb":{"@id":"https://eleanaferrari.com/en/procedure/seno-e-decollete/#breadcrumb"},"inLanguage":"en-GB","potentialAction":[{"@type":"ReadAction","target":["https://eleanaferrari.com/en/procedure/seno-e-decollete/"]}]},{"@type":"ImageObject","inLanguage":"en-GB","@id":"https://eleanaferrari.com/en/procedure/seno-e-decollete/#primaryimage","url":"https://eleanaferrari.com/wp-content/uploads/2021/06/senoedecolette.jpg","contentUrl":"https://eleanaferrari.com/wp-content/uploads/2021/06/senoedecolette.jpg","width":1594,"height":930,"caption":"Breasts - seno e decolletè"},{"@type":"BreadcrumbList","@id":"https://eleanaferrari.com/en/procedure/seno-e-decollete/#breadcrumb","itemListElement":[{"@type":"ListItem","position":1,"name":"Home","item":"https://eleanaferrari.com/en/home-eng/"},{"@type":"ListItem","position":2,"name":"Seno e Decolletè"}]},{"@type":"WebSite","@id":"https://eleanaferrari.com/en/#website","url":"https://eleanaferrari.com/en/","name":"Eleana Ferrari","description":"","publisher":{"@id":"https://eleanaferrari.com/en/#organization"},"potentialAction":[{"@type":"SearchAction","target":{"@type":"EntryPoint","urlTemplate":"https://eleanaferrari.com/en/?s={search_term_string}"},"query-input":{"@type":"PropertyValueSpecification","valueRequired":true,"valueName":"search_term_string"}}],"inLanguage":"en-GB"},{"@type":"Organization","@id":"https://eleanaferrari.com/en/#organization","name":"Eleana Ferrari","url":"https://eleanaferrari.com/en/","logo":{"@type":"ImageObject","inLanguage":"en-GB","@id":"https://eleanaferrari.com/en/#/schema/logo/image/","url":"https://eleanaferrari.com/wp-content/uploads/2021/05/logo-mobile-verticale.png","contentUrl":"https://eleanaferrari.com/wp-content/uploads/2021/05/logo-mobile-verticale.png","width":212,"height":81,"caption":"Eleana Ferrari"},"image":{"@id":"https://eleanaferrari.com/en/#/schema/logo/image/"}}]}</script>
<!-- / Yoast SEO plugin. -->

Seno e Decolletè - Eleana Ferrari

Tutta la femminilità di una donna si nasconde nel suo seno. Vuoi saperne di più? Leggi questo articolo e scopri di più a riguardo.

Breasts - seno e decolletè
