{"id":265,"date":"2021-06-01T13:48:06","date_gmt":"2021-06-01T11:48:06","guid":{"rendered":"https:\/\/eleanaferrari.com\/?post_type=procedure&#038;p=265"},"modified":"2022-03-18T17:18:30","modified_gmt":"2022-03-18T16:18:30","slug":"trattamento-alopecia","status":"publish","type":"procedure","link":"https:\/\/eleanaferrari.com\/en\/procedure\/trattamento-alopecia\/","title":{"rendered":"Trattamento alopecia"},"content":{"rendered":"<p>La caduta completa dei capelli in una zona (alopecia) o in tutto il cuoio capelluto \u00e8 uno dei fenomeni pi\u00f9 temuti sia dagli uomini che dalle donne. \u00c8 normale perdere fino a qualche decina di ciocche ogni giorno, perch\u00e9 hanno un proprio ciclo vitale al termine del quale cadono. Questo fenomeno passa inosservato perch\u00e9 una piccola percentuale di capelli si perde, se ne formano di nuovi e i capelli non cambiano. Esiste un trattamento alopecia? La risposta \u00e8 s\u00ec.<\/p>\n<p>Molti fattori tra cui principalmente lo stress ma anche malattie infettive e croniche, carenza di nutrienti, ipotiroidismo e alcuni farmaci possono causare telogen effluvium, un aumento del numero di capelli che cadono: il diradamento diventa visibile e &#8220;drammatico&#8221;.<\/p>\n<p>Quando la caduta non \u00e8 seguita dalla ricrescita, compare l&#8217;alopecia. La forma circoscritta (alopecia aerata) si manifesta ancora e soprattutto per lo stress, ma anche per fenomeni autoimmuni. L&#8217;alopecia androgenetica \u00e8 una forma comune, soprattutto negli uomini, dove progredisce dalla regione frontale alla nuca. Nelle donne, pu\u00f2 verificarsi nella parte superiore della testa dopo la menopausa. La causa \u00e8 il DHT (un ormone derivato dal testosterone) che, per ragioni genetiche, aumenta sia la concentrazione che la sensibilit\u00e0 dei recettori del cuoio capelluto.<\/p>\n<p>L&#8217;alopecia pu\u00f2 essere trattata con la <strong>mesoterapia. <\/strong>Essa\u00a0consiste nella diffusione di sostanze o principi attivi per via intradermica, con l&#8217;obiettivo di riattivare il funzionamento dei follicoli piliferi. Si tratta di piccole iniezioni non molto profonde, effettuate direttamente nel cuoio capelluto, con l&#8217;intento di prevenire la caduta dei capelli, migliorandone la densit\u00e0 e la qualit\u00e0.<\/p>\n<p>Il liquido utilizzato per il trattamento alopecia a piccole dosi, \u00e8 composto da:<\/p>\n<ul>\n<li>Aminoacidi;<\/li>\n<li>Vitamine;<\/li>\n<li>Polinucleotidi;<\/li>\n<\/ul>","protected":false},"excerpt":{"rendered":"<p>L\u2019alopecia si pu\u00f2 trattare con la Mesoterapia, una tecnica che  consiste nella diffusione di medicinali o principi attivi in modalit\u00e0 intradermica, con l&#8217;obiettivo di riattivare il funzionamento dei follicoli piliferi. All\u2019atto pratico si tratta di piccole iniezioni non molto profonde, fatte direttamente nel cuoio capelluto, con l\u2019intenzione di prevenire la caduta dei capelli, migliorarne la densit\u00e0 e qualit\u00e0.<\/p>","protected":false},"featured_media":890,"template":"","zona_prcedura":[8,50],"class_list":["post-265","procedure","type-procedure","status-publish","has-post-thumbnail","hentry","zona_prcedura-face","zona_prcedura-tutti"],"yoast_head":"<!-- This site is optimized with the Yoast SEO plugin v23.6 - https:\/\/yoast.com\/wordpress\/plugins\/seo\/ -->\n<title>Trattamento alopecia - Eleana Ferrari<\/title>\n<meta name=\"description\" content=\"La caduta completa dei capelli (alopecia) \u00e8 uno dei fenomeni pi\u00f9 temuti sia dagli uomini che dalle donne. Trattamento alopecia, clicca qui.\" \/>\n<meta name=\"robots\" content=\"index, follow, max-snippet:-1, max-image-preview:large, max-video-preview:-1\" \/>\n<link rel=\"canonical\" href=\"https:\/\/eleanaferrari.com\/en\/procedure\/trattamento-alopecia\/\" \/>\n<meta property=\"og:locale\" content=\"en_GB\" \/>\n<meta property=\"og:type\" content=\"article\" \/>\n<meta property=\"og:title\" content=\"Trattamento alopecia - Eleana Ferrari\" \/>\n<meta property=\"og:description\" content=\"La caduta completa dei capelli (alopecia) \u00e8 uno dei fenomeni pi\u00f9 temuti sia dagli uomini che dalle donne. Trattamento alopecia, clicca qui.\" \/>\n<meta property=\"og:url\" content=\"https:\/\/eleanaferrari.com\/en\/procedure\/trattamento-alopecia\/\" \/>\n<meta property=\"og:site_name\" content=\"Eleana Ferrari\" \/>\n<meta property=\"article:modified_time\" content=\"2022-03-18T16:18:30+00:00\" \/>\n<meta property=\"og:image\" content=\"https:\/\/eleanaferrari.com\/wp-content\/uploads\/2021\/06\/immagine-copertina-Personalizzato-1.jpg\" \/>\n\t<meta property=\"og:image:width\" content=\"1500\" \/>\n\t<meta property=\"og:image:height\" content=\"1000\" \/>\n\t<meta property=\"og:image:type\" content=\"image\/jpeg\" \/>\n<meta name=\"twitter:card\" content=\"summary_large_image\" \/>\n<meta name=\"twitter:label1\" content=\"Estimated reading time\" \/>\n\t<meta name=\"twitter:data1\" content=\"1 minute\" \/>\n<script type=\"application\/ld+json\" class=\"yoast-schema-graph\">{\"@context\":\"https:\/\/schema.org\",\"@graph\":[{\"@type\":\"WebPage\",\"@id\":\"https:\/\/eleanaferrari.com\/en\/procedure\/trattamento-alopecia\/\",\"url\":\"https:\/\/eleanaferrari.com\/en\/procedure\/trattamento-alopecia\/\",\"name\":\"Trattamento alopecia - Eleana Ferrari\",\"isPartOf\":{\"@id\":\"https:\/\/eleanaferrari.com\/en\/#website\"},\"primaryImageOfPage\":{\"@id\":\"https:\/\/eleanaferrari.com\/en\/procedure\/trattamento-alopecia\/#primaryimage\"},\"image\":{\"@id\":\"https:\/\/eleanaferrari.com\/en\/procedure\/trattamento-alopecia\/#primaryimage\"},\"thumbnailUrl\":\"https:\/\/eleanaferrari.com\/wp-content\/uploads\/2021\/06\/immagine-copertina-Personalizzato-1.jpg\",\"datePublished\":\"2021-06-01T11:48:06+00:00\",\"dateModified\":\"2022-03-18T16:18:30+00:00\",\"description\":\"La caduta completa dei capelli (alopecia) \u00e8 uno dei fenomeni pi\u00f9 temuti sia dagli uomini che dalle donne. Trattamento alopecia, clicca qui.\",\"breadcrumb\":{\"@id\":\"https:\/\/eleanaferrari.com\/en\/procedure\/trattamento-alopecia\/#breadcrumb\"},\"inLanguage\":\"en-GB\",\"potentialAction\":[{\"@type\":\"ReadAction\",\"target\":[\"https:\/\/eleanaferrari.com\/en\/procedure\/trattamento-alopecia\/\"]}]},{\"@type\":\"ImageObject\",\"inLanguage\":\"en-GB\",\"@id\":\"https:\/\/eleanaferrari.com\/en\/procedure\/trattamento-alopecia\/#primaryimage\",\"url\":\"https:\/\/eleanaferrari.com\/wp-content\/uploads\/2021\/06\/immagine-copertina-Personalizzato-1.jpg\",\"contentUrl\":\"https:\/\/eleanaferrari.com\/wp-content\/uploads\/2021\/06\/immagine-copertina-Personalizzato-1.jpg\",\"width\":1500,\"height\":1000,\"caption\":\"alopecia\"},{\"@type\":\"BreadcrumbList\",\"@id\":\"https:\/\/eleanaferrari.com\/en\/procedure\/trattamento-alopecia\/#breadcrumb\",\"itemListElement\":[{\"@type\":\"ListItem\",\"position\":1,\"name\":\"Home\",\"item\":\"https:\/\/eleanaferrari.com\/en\/home-eng\/\"},{\"@type\":\"ListItem\",\"position\":2,\"name\":\"Trattamento alopecia\"}]},{\"@type\":\"WebSite\",\"@id\":\"https:\/\/eleanaferrari.com\/en\/#website\",\"url\":\"https:\/\/eleanaferrari.com\/en\/\",\"name\":\"Eleana Ferrari\",\"description\":\"\",\"publisher\":{\"@id\":\"https:\/\/eleanaferrari.com\/en\/#organization\"},\"potentialAction\":[{\"@type\":\"SearchAction\",\"target\":{\"@type\":\"EntryPoint\",\"urlTemplate\":\"https:\/\/eleanaferrari.com\/en\/?s={search_term_string}\"},\"query-input\":{\"@type\":\"PropertyValueSpecification\",\"valueRequired\":true,\"valueName\":\"search_term_string\"}}],\"inLanguage\":\"en-GB\"},{\"@type\":\"Organization\",\"@id\":\"https:\/\/eleanaferrari.com\/en\/#organization\",\"name\":\"Eleana Ferrari\",\"url\":\"https:\/\/eleanaferrari.com\/en\/\",\"logo\":{\"@type\":\"ImageObject\",\"inLanguage\":\"en-GB\",\"@id\":\"https:\/\/eleanaferrari.com\/en\/#\/schema\/logo\/image\/\",\"url\":\"https:\/\/eleanaferrari.com\/wp-content\/uploads\/2021\/05\/logo-mobile-verticale.png\",\"contentUrl\":\"https:\/\/eleanaferrari.com\/wp-content\/uploads\/2021\/05\/logo-mobile-verticale.png\",\"width\":212,\"height\":81,\"caption\":\"Eleana Ferrari\"},\"image\":{\"@id\":\"https:\/\/eleanaferrari.com\/en\/#\/schema\/logo\/image\/\"}}]}<\/script>\n<!-- \/ Yoast SEO plugin. -->","yoast_head_json":{"title":"Trattamento alopecia - Eleana Ferrari","description":"La caduta completa dei capelli (alopecia) \u00e8 uno dei fenomeni pi\u00f9 temuti sia dagli uomini che dalle donne. Trattamento alopecia, clicca qui.","robots":{"index":"index","follow":"follow","max-snippet":"max-snippet:-1","max-image-preview":"max-image-preview:large","max-video-preview":"max-video-preview:-1"},"canonical":"https:\/\/eleanaferrari.com\/en\/procedure\/trattamento-alopecia\/","og_locale":"en_GB","og_type":"article","og_title":"Trattamento alopecia - Eleana Ferrari","og_description":"La caduta completa dei capelli (alopecia) \u00e8 uno dei fenomeni pi\u00f9 temuti sia dagli uomini che dalle donne. Trattamento alopecia, clicca qui.","og_url":"https:\/\/eleanaferrari.com\/en\/procedure\/trattamento-alopecia\/","og_site_name":"Eleana Ferrari","article_modified_time":"2022-03-18T16:18:30+00:00","og_image":[{"width":1500,"height":1000,"url":"https:\/\/eleanaferrari.com\/wp-content\/uploads\/2021\/06\/immagine-copertina-Personalizzato-1.jpg","type":"image\/jpeg"}],"twitter_card":"summary_large_image","twitter_misc":{"Estimated reading time":"1 minute"},"schema":{"@context":"https:\/\/schema.org","@graph":[{"@type":"WebPage","@id":"https:\/\/eleanaferrari.com\/en\/procedure\/trattamento-alopecia\/","url":"https:\/\/eleanaferrari.com\/en\/procedure\/trattamento-alopecia\/","name":"Trattamento alopecia - Eleana Ferrari","isPartOf":{"@id":"https:\/\/eleanaferrari.com\/en\/#website"},"primaryImageOfPage":{"@id":"https:\/\/eleanaferrari.com\/en\/procedure\/trattamento-alopecia\/#primaryimage"},"image":{"@id":"https:\/\/eleanaferrari.com\/en\/procedure\/trattamento-alopecia\/#primaryimage"},"thumbnailUrl":"https:\/\/eleanaferrari.com\/wp-content\/uploads\/2021\/06\/immagine-copertina-Personalizzato-1.jpg","datePublished":"2021-06-01T11:48:06+00:00","dateModified":"2022-03-18T16:18:30+00:00","description":"La caduta completa dei capelli (alopecia) \u00e8 uno dei fenomeni pi\u00f9 temuti sia dagli uomini che dalle donne. Trattamento alopecia, clicca qui.","breadcrumb":{"@id":"https:\/\/eleanaferrari.com\/en\/procedure\/trattamento-alopecia\/#breadcrumb"},"inLanguage":"en-GB","potentialAction":[{"@type":"ReadAction","target":["https:\/\/eleanaferrari.com\/en\/procedure\/trattamento-alopecia\/"]}]},{"@type":"ImageObject","inLanguage":"en-GB","@id":"https:\/\/eleanaferrari.com\/en\/procedure\/trattamento-alopecia\/#primaryimage","url":"https:\/\/eleanaferrari.com\/wp-content\/uploads\/2021\/06\/immagine-copertina-Personalizzato-1.jpg","contentUrl":"https:\/\/eleanaferrari.com\/wp-content\/uploads\/2021\/06\/immagine-copertina-Personalizzato-1.jpg","width":1500,"height":1000,"caption":"alopecia"},{"@type":"BreadcrumbList","@id":"https:\/\/eleanaferrari.com\/en\/procedure\/trattamento-alopecia\/#breadcrumb","itemListElement":[{"@type":"ListItem","position":1,"name":"Home","item":"https:\/\/eleanaferrari.com\/en\/home-eng\/"},{"@type":"ListItem","position":2,"name":"Trattamento alopecia"}]},{"@type":"WebSite","@id":"https:\/\/eleanaferrari.com\/en\/#website","url":"https:\/\/eleanaferrari.com\/en\/","name":"Eleana Ferrari","description":"","publisher":{"@id":"https:\/\/eleanaferrari.com\/en\/#organization"},"potentialAction":[{"@type":"SearchAction","target":{"@type":"EntryPoint","urlTemplate":"https:\/\/eleanaferrari.com\/en\/?s={search_term_string}"},"query-input":{"@type":"PropertyValueSpecification","valueRequired":true,"valueName":"search_term_string"}}],"inLanguage":"en-GB"},{"@type":"Organization","@id":"https:\/\/eleanaferrari.com\/en\/#organization","name":"Eleana Ferrari","url":"https:\/\/eleanaferrari.com\/en\/","logo":{"@type":"ImageObject","inLanguage":"en-GB","@id":"https:\/\/eleanaferrari.com\/en\/#\/schema\/logo\/image\/","url":"https:\/\/eleanaferrari.com\/wp-content\/uploads\/2021\/05\/logo-mobile-verticale.png","contentUrl":"https:\/\/eleanaferrari.com\/wp-content\/uploads\/2021\/05\/logo-mobile-verticale.png","width":212,"height":81,"caption":"Eleana Ferrari"},"image":{"@id":"https:\/\/eleanaferrari.com\/en\/#\/schema\/logo\/image\/"}}]}},"_links":{"self":[{"href":"https:\/\/eleanaferrari.com\/en\/wp-json\/wp\/v2\/procedure\/265","targetHints":{"allow":["GET"]}}],"collection":[{"href":"https:\/\/eleanaferrari.com\/en\/wp-json\/wp\/v2\/procedure"}],"about":[{"href":"https:\/\/eleanaferrari.com\/en\/wp-json\/wp\/v2\/types\/procedure"}],"wp:featuredmedia":[{"embeddable":true,"href":"https:\/\/eleanaferrari.com\/en\/wp-json\/wp\/v2\/media\/890"}],"wp:attachment":[{"href":"https:\/\/eleanaferrari.com\/en\/wp-json\/wp\/v2\/media?parent=265"}],"wp:term":[{"taxonomy":"zona_prcedura","embeddable":true,"href":"https:\/\/eleanaferrari.com\/en\/wp-json\/wp\/v2\/zona_prcedura?post=265"}],"curies":[{"name":"wp","href":"https:\/\/api.w.org\/{rel}","templated":true}]}}

<p>La caduta completa dei capelli in una zona (alopecia) o in tutto il cuoio capelluto è uno dei fenomeni più temuti sia dagli uomini che dalle donne. È normale perdere fino a qualche decina di ciocche ogni giorno, perché hanno un proprio ciclo vitale al termine del quale cadono. Questo fenomeno passa inosservato perché una piccola percentuale di capelli si perde, se ne formano di nuovi e i capelli non cambiano. Esiste un trattamento alopecia? La risposta è sì.</p>
<p>Molti fattori tra cui principalmente lo stress ma anche malattie infettive e croniche, carenza di nutrienti, ipotiroidismo e alcuni farmaci possono causare telogen effluvium, un aumento del numero di capelli che cadono: il diradamento diventa visibile e &#8220;drammatico&#8221;.</p>
<p>Quando la caduta non è seguita dalla ricrescita, compare l&#8217;alopecia. La forma circoscritta (alopecia aerata) si manifesta ancora e soprattutto per lo stress, ma anche per fenomeni autoimmuni. L&#8217;alopecia androgenetica è una forma comune, soprattutto negli uomini, dove progredisce dalla regione frontale alla nuca. Nelle donne, può verificarsi nella parte superiore della testa dopo la menopausa. La causa è il DHT (un ormone derivato dal testosterone) che, per ragioni genetiche, aumenta sia la concentrazione che la sensibilità dei recettori del cuoio capelluto.</p>
<p>L&#8217;alopecia può essere trattata con la <strong>mesoterapia. </strong>Essa consiste nella diffusione di sostanze o principi attivi per via intradermica, con l&#8217;obiettivo di riattivare il funzionamento dei follicoli piliferi. Si tratta di piccole iniezioni non molto profonde, effettuate direttamente nel cuoio capelluto, con l&#8217;intento di prevenire la caduta dei capelli, migliorandone la densità e la qualità.</p>
<p>Il liquido utilizzato per il trattamento alopecia a piccole dosi, è composto da:</p>
<ul>
<li>Aminoacidi;</li>
<li>Vitamine;</li>
<li>Polinucleotidi;</li>
</ul>

<p>L’alopecia si può trattare con la Mesoterapia, una tecnica che  consiste nella diffusione di medicinali o principi attivi in modalità intradermica, con l&#8217;obiettivo di riattivare il funzionamento dei follicoli piliferi. All’atto pratico si tratta di piccole iniezioni non molto profonde, fatte direttamente nel cuoio capelluto, con l’intenzione di prevenire la caduta dei capelli, migliorarne la densità e qualità.</p>

<!-- This site is optimized with the Yoast SEO plugin v23.6 - https://yoast.com/wordpress/plugins/seo/ -->
<title>Trattamento alopecia - Eleana Ferrari</title>
<meta name="description" content="La caduta completa dei capelli (alopecia) è uno dei fenomeni più temuti sia dagli uomini che dalle donne. Trattamento alopecia, clicca qui." />
<meta name="robots" content="index, follow, max-snippet:-1, max-image-preview:large, max-video-preview:-1" />
<link rel="canonical" href="https://eleanaferrari.com/en/procedure/trattamento-alopecia/" />
<meta property="og:locale" content="en_GB" />
<meta property="og:type" content="article" />
<meta property="og:title" content="Trattamento alopecia - Eleana Ferrari" />
<meta property="og:description" content="La caduta completa dei capelli (alopecia) è uno dei fenomeni più temuti sia dagli uomini che dalle donne. Trattamento alopecia, clicca qui." />
<meta property="og:url" content="https://eleanaferrari.com/en/procedure/trattamento-alopecia/" />
<meta property="og:site_name" content="Eleana Ferrari" />
<meta property="article:modified_time" content="2022-03-18T16:18:30+00:00" />
<meta property="og:image" content="https://eleanaferrari.com/wp-content/uploads/2021/06/immagine-copertina-Personalizzato-1.jpg" />
	<meta property="og:image:width" content="1500" />
	<meta property="og:image:height" content="1000" />
	<meta property="og:image:type" content="image/jpeg" />
<meta name="twitter:card" content="summary_large_image" />
<meta name="twitter:label1" content="Estimated reading time" />
	<meta name="twitter:data1" content="1 minute" />
<script type="application/ld+json" class="yoast-schema-graph">{"@context":"https://schema.org","@graph":[{"@type":"WebPage","@id":"https://eleanaferrari.com/en/procedure/trattamento-alopecia/","url":"https://eleanaferrari.com/en/procedure/trattamento-alopecia/","name":"Trattamento alopecia - Eleana Ferrari","isPartOf":{"@id":"https://eleanaferrari.com/en/#website"},"primaryImageOfPage":{"@id":"https://eleanaferrari.com/en/procedure/trattamento-alopecia/#primaryimage"},"image":{"@id":"https://eleanaferrari.com/en/procedure/trattamento-alopecia/#primaryimage"},"thumbnailUrl":"https://eleanaferrari.com/wp-content/uploads/2021/06/immagine-copertina-Personalizzato-1.jpg","datePublished":"2021-06-01T11:48:06+00:00","dateModified":"2022-03-18T16:18:30+00:00","description":"La caduta completa dei capelli (alopecia) è uno dei fenomeni più temuti sia dagli uomini che dalle donne. Trattamento alopecia, clicca qui.","breadcrumb":{"@id":"https://eleanaferrari.com/en/procedure/trattamento-alopecia/#breadcrumb"},"inLanguage":"en-GB","potentialAction":[{"@type":"ReadAction","target":["https://eleanaferrari.com/en/procedure/trattamento-alopecia/"]}]},{"@type":"ImageObject","inLanguage":"en-GB","@id":"https://eleanaferrari.com/en/procedure/trattamento-alopecia/#primaryimage","url":"https://eleanaferrari.com/wp-content/uploads/2021/06/immagine-copertina-Personalizzato-1.jpg","contentUrl":"https://eleanaferrari.com/wp-content/uploads/2021/06/immagine-copertina-Personalizzato-1.jpg","width":1500,"height":1000,"caption":"alopecia"},{"@type":"BreadcrumbList","@id":"https://eleanaferrari.com/en/procedure/trattamento-alopecia/#breadcrumb","itemListElement":[{"@type":"ListItem","position":1,"name":"Home","item":"https://eleanaferrari.com/en/home-eng/"},{"@type":"ListItem","position":2,"name":"Trattamento alopecia"}]},{"@type":"WebSite","@id":"https://eleanaferrari.com/en/#website","url":"https://eleanaferrari.com/en/","name":"Eleana Ferrari","description":"","publisher":{"@id":"https://eleanaferrari.com/en/#organization"},"potentialAction":[{"@type":"SearchAction","target":{"@type":"EntryPoint","urlTemplate":"https://eleanaferrari.com/en/?s={search_term_string}"},"query-input":{"@type":"PropertyValueSpecification","valueRequired":true,"valueName":"search_term_string"}}],"inLanguage":"en-GB"},{"@type":"Organization","@id":"https://eleanaferrari.com/en/#organization","name":"Eleana Ferrari","url":"https://eleanaferrari.com/en/","logo":{"@type":"ImageObject","inLanguage":"en-GB","@id":"https://eleanaferrari.com/en/#/schema/logo/image/","url":"https://eleanaferrari.com/wp-content/uploads/2021/05/logo-mobile-verticale.png","contentUrl":"https://eleanaferrari.com/wp-content/uploads/2021/05/logo-mobile-verticale.png","width":212,"height":81,"caption":"Eleana Ferrari"},"image":{"@id":"https://eleanaferrari.com/en/#/schema/logo/image/"}}]}</script>
<!-- / Yoast SEO plugin. -->

La caduta completa dei capelli (alopecia) è uno dei fenomeni più temuti sia dagli uomini che dalle donne. Trattamento alopecia, clicca qui.
